 remainder when 2618 is divided by 320.
58
What is the remainder when 528 is divided by 129?
12
What is the remainder when 9036 is divided by 131?
128
What is the remainder when 426735 is divided by 716?
715
What is the remainder when 28089 is divided by 28084?
5
What is the remainder when 52011 is divided by 420?
351
What is the remainder when 94138 is divided by 2689?
23
What is the remainder when 3060 is divided by 173?
119
Calculate the remainder when 3356 is divided by 102.
92
Calculate the remainder when 1979 is divided by 797.
385
Calculate the remainder when 937298 is divided by 182.
180
Calculate the remainder when 2139 is divided by 20.
19
Calculate the remainder when 12497 is divided by 236.
225
Calculate the remainder when 1730 is divided by 40.
10
What is the remainder when 73748 is divided by 245?
3
Calculate the remainder when 358202 is divided by 681.
677
What is the remainder when 13724 is divided by 1956?
32
Calculate the remainder when 477 is divided by 80.
77
What is the remainder when 6759 is divided by 40?
39
Calculate the remainder when 231811 is divided by 22.
19
Calculate the remainder when 15389 is divided by 15381.
8
Calculate the remainder when 44643 is divided by 2482.
2449
What is the remainder when 45937 is divided by 11?
1
Calculate the remainder when 379163 is divided by 54.
29
Calculate the remainder when 162562 is divided by 10837.
7
Calculate the remainder when 13891 is divided by 72.
67
What is the remainder when 571 is divided by 101?
66
What is the remainder when 10314 is divided by 10310?
4
Calculate the remainder when 3631 is divided by 521.
505
What is the remainder when 169065 is divided by 9944?
17
Calculate the remainder when 33253 is divided by 1445.
18
Calculate the remainder when 117145 is divided by 30.
25
What is the remainder when 36151 is divided by 1721?
10
What is the remainder when 123167 is divided by 232?
207
What is the remainder when 6208 is divided by 3089?
30
What is the remainder when 1804787 is divided by 19?
15
What is the remainder when 59417 is divided by 11?
6
What is the remainder when 52980 is divided by 384?
372
What is the remainder when 14858 is divided by 481?
428
What is the remainder when 842 is divided by 59?
16
Calculate the remainder when 1340 is divided by 46.
6
What is the remainder when 20636 is divided by 20620?
16
Calculate the remainder when 678648 is divided by 495.
3
Calculate the remainder when 278774 is divided by 149.
144
What is the remainder when 52391 is divided by 148?
147
Calculate the remainder when 1086 is divided by 4.
2
Calculate the remainder when 4792 is divided by 598.
8
Calculate the remainder when 19125 is divided by 3817.
40
Calculate the remainder when 14968 is divided by 428.
416
Calculate the remainder when 25151 is divided by 37.
28
What is the remainder when 315911 is divided by 827?
824
What is the remainder when 2518195 is divided by 33?
31
Calculate the remainder when 10470 is divided by 582.
576
What is the remainder when 732563 is divided by 805?
13
What is the remainder when 44545 is divided by 23?
17
What is the remainder when 2107093 is divided by 38?
31
Calculate the remainder when 65823 is divided by 32908.
7
What is the remainder when 56574 is divided by 8?
6
Calculate the remainder when 8770 is divided by 2166.
106
Calculate the remainder when 65187 is divided by 281.
276
Calculate the remainder when 13452 is divided by 960.
12
Calculate the remainder when 11701411 is divided by 107.
105
Calculate the remainder when 6755 is divided by 667.
85
What is the remainder when 2802094 is divided by 88?
86
What is the remainder when 1278 is divided by 476?
326
What is the remainder when 2257458 is divided by 205?
203
Calculate the remainder when 85069 is divided by 12144.
61
Calculate the remainder when 28865 is divided by 7216.
1
Calculate the remainder when 961 is divided by 309.
34
What is the remainder when 72727 is divided by 4847?
22
Calculate the remainder when 1672118 is divided by 85.
83
Calculate the remainder when 3409 is divided by 317.
239
Calculate the remainder when 269455 is divided by 634.
5
Calculate the remainder when 29258 is divided by 22.
20
Calculate the remainder when 140730 is divided by 604.
602
What is the remainder when 3026 is divided by 18?
2
What is the remainder when 44014 is divided by 138?
130
Calculate the remainder when 4415111 is divided by 117.
116
What is the remainder when 1640 is divided by 406?
16
What is the remainder when 2313 is divided by 201?
102
What is the remainder when 21077 is divided by 1314?
53
Calculate the remainder when 3815 is divided by 389.
314
What is the remainder when 8100 is divided by 769?
410
What is the remainder when 7295 is divided by 214?
19
Calculate the remainder when 7646 is divided by 2296.
758
What is the remainder when 2078 is divided by 147?
20
Calculate the remainder when 4030 is divided by 123.
94
What is the remainder when 132036 is divided by 695?
681
What is the remainder when 379404 is divided by 623?
620
What is the remainder when 3910 is divided by 483?
46
Calculate the remainder when 37780 is divided by 18889.
2
Calculate the remainder when 97719 is divided by 33.
6
Calculate the remainder when 235 is divided by 173.
62
Calculate the remainder when 4804 is divided by 2391.
22
What is the remainder when 16907 is divided by 8436?
35
What is the remainder when 8206 is divided by 1114?
408
Calculate the remainder when 22933 is divided by 458.
33
Calculate the remainder when 216406 is divided by 213.
211
What is the remainder when 7593 is divided by 105?
33
What is the remainder when 1628 is divided by 410?
398
Calculate the remainder when 10758 is divided by 978.
0
Calculate the remainder when 4707 is divided by 136.
83
Calculate the remainder when 3178505 is divided by 11.
0
Calculate the remainder when 1186816 is divided by 181.
180
What is the remainder when 9134 is divided by 21?
20
What is the remainder when 445772 is divided by 111440?
12
What is the remainder when 2210 is divided by 123?
119
What is the remainder when 6057 is divided by 138?
123
Calculate the remainder when 10291 is divided by 597.
142
Calculate the remainder when 7174 is divided by 342.
334
Calculate the remainder when 2990 is divided by 282.
170
Calculate the remainder when 148430 is divided by 6.
2
What is the remainder when 25291 is divided by 1486?
29
Calculate the remainder when 2823 is divided by 397.
44
Calculate the remainder when 6852 is divided by 77.
76
Calculate the remainder when 22853 is divided by 71.
62
What is the remainder when 288257 is divided by 140?
137
Calculate the remainder when 3256 is divided by 528.
88
Calculate the remainder when 19873 is divided by 3973.
8
Calculate the remainder when 89454 is divided by 72.
30
Calculate the remainder when 3916 is divided by 113.
74
What is the remainder when 1447 is divided by 1188?
259
Calculate the remainder when 22907 is divided by 114.
107
What is the remainder when 3684 is divided by 536?
468
Calculate the remainder when 717620 is divided by 239203.
11
What is the remainder when 32290 is divided by 15?
10
What is the remainder when 33726 is divided by 124?
122
Calculate the remainder when 9431 is divided by 1346.
9
Calculate the remainder when 1418 is divided by 1404.
14
Calculate the remainder when 90089 is divided by 1155.
1154
Calculate the remainder when 919 is divided by 32.
23
What is the remainder when 104623 is divided by 26141?
59
What is the remainder when 180408 is divided by 77?
74
Calculate the remainder when 35628 is divided by 132.
120
What is the remainder when 19475 is divided by 9727?
21
Calculate the remainder when 6870 is divided by 191.
185
Calculate the remainder when 3432 is divided by 1672.
88
What is the remainder when 73002 is divided by 36?
30
Calculate the remainder when 13813 is divided by 1.
0
Calculate the remainder when 44286 is divided by 63.
60
Calculate the remainder when 4881 is divided by 10.
1
Calculate the remainder when 399 is divided by 250.
149
What is the remainder when 4512 is divided by 1122?
24
Calculate the remainder when 44987 is divided by 11237.
39
What is the remainder when 10066 is divided by 993?
136
Calculate the remainder when 45286 is divided by 24.
